[INFO] cloning repository https://github.com/ibodrov/sfml_test
[INFO] running `Command { std: "git" "-c" "credential.helper=" "-c" "credential.helper=/workspace/cargo-home/bin/git-credential-null" "clone" "--bare" "https://github.com/ibodrov/sfml_test" "/workspace/cache/git-repos/https%3A%2F%2Fgithub.com%2Fibodrov%2Fsfml_test", kill_on_drop: false }`
[INFO] [stderr] Cloning into bare repository '/workspace/cache/git-repos/https%3A%2F%2Fgithub.com%2Fibodrov%2Fsfml_test'...
[INFO] running `Command { std: "git" "rev-parse" "HEAD", kill_on_drop: false }`
[INFO] [stdout] 76cbe67adce7561aefc47664583c765f0285c2aa
[INFO] checking ibodrov/sfml_test against master#cfbc6d4cf1acbac5c025acf8ed68929caa551df3 for pr-75494-beta
[INFO] running `Command { std: "git" "clone" "/workspace/cache/git-repos/https%3A%2F%2Fgithub.com%2Fibodrov%2Fsfml_test" "/workspace/builds/worker-9/source", kill_on_drop: false }`
[INFO] [stderr] Cloning into '/workspace/builds/worker-9/source'...
[INFO] [stderr] done.
[INFO] validating manifest of git repo https://github.com/ibodrov/sfml_test on toolchain cfbc6d4cf1acbac5c025acf8ed68929caa551df3
[INFO] running `Command { std: "/workspace/cargo-home/bin/cargo" "+cfbc6d4cf1acbac5c025acf8ed68929caa551df3" "read-manifest" "--manifest-path" "Cargo.toml", kill_on_drop: false }`
[INFO] started tweaking git repo https://github.com/ibodrov/sfml_test
[INFO] finished tweaking git repo https://github.com/ibodrov/sfml_test
[INFO] tweaked toml for git repo https://github.com/ibodrov/sfml_test written to /workspace/builds/worker-9/source/Cargo.toml
[INFO] crate git repo https://github.com/ibodrov/sfml_test already has a lockfile, it will not be regenerated
[INFO] running `Command { std: "/workspace/cargo-home/bin/cargo" "+cfbc6d4cf1acbac5c025acf8ed68929caa551df3" "fetch" "--locked" "--manifest-path" "Cargo.toml", kill_on_drop: false }`
[INFO] [stderr] error: the lock file /workspace/builds/worker-9/source/Cargo.lock needs to be updated but --locked was passed to prevent this
[INFO] [stderr] If you want to try to generate the lock file without accessing the network, use the --offline flag.
[INFO] the lockfile is outdated, regenerating it
[INFO] running `Command { std: "/workspace/cargo-home/bin/cargo" "+cfbc6d4cf1acbac5c025acf8ed68929caa551df3" "generate-lockfile" "--manifest-path" "Cargo.toml" "-Zno-index-update", kill_on_drop: false }`
[INFO] running `Command { std: "/workspace/cargo-home/bin/cargo" "+cfbc6d4cf1acbac5c025acf8ed68929caa551df3" "fetch" "--locked" "--manifest-path" "Cargo.toml", kill_on_drop: false }`
[INFO] [stderr]  Downloading crates ...
[INFO] [stderr]   Downloaded csfml-audio-sys v0.1.0
[INFO] [stderr]   Downloaded csfml-network-sys v0.1.0
[INFO] [stderr]   Downloaded sfml-types v0.1.0
[INFO] [stderr]   Downloaded csfml-window-sys v0.1.1
[INFO] [stderr]   Downloaded csfml-graphics-sys v0.1.0
[INFO] [stderr]   Downloaded csfml-system-sys v0.1.0
[INFO] [stderr]   Downloaded sfml v0.10.1
[INFO] running `Command { std: "docker" "create" "-v" "/var/lib/crater-agent-workspace/builds/worker-9/target:/opt/rustwide/target:rw,Z" "-v" "/var/lib/crater-agent-workspace/builds/worker-9/source:/opt/rustwide/workdir:ro,Z" "-v" "/var/lib/crater-agent-workspace/cargo-home:/opt/rustwide/cargo-home:ro,Z" "-v" "/var/lib/crater-agent-workspace/rustup-home:/opt/rustwide/rustup-home:ro,Z" "-e" "SOURCE_DIR=/opt/rustwide/workdir" "-e" "CARGO_TARGET_DIR=/opt/rustwide/target" "-e" "CARGO_HOME=/opt/rustwide/cargo-home" "-e" "RUSTUP_HOME=/opt/rustwide/rustup-home" "-w" "/opt/rustwide/workdir" "-m" "1610612736" "--user" "0:0" "--network" "none" "rustops/crates-build-env@sha256:a636fd89d022f18117e1dc8fb37a0a009933cdbbe082814857f0e2024962d47c" "/opt/rustwide/cargo-home/bin/cargo" "+cfbc6d4cf1acbac5c025acf8ed68929caa551df3" "metadata" "--no-deps" "--format-version=1", kill_on_drop: false }`
[INFO] [stdout] 03f5eb5e8dbab9332a7924a491797c179f1a57525ce255e410a56186c1d3789d
[INFO] [stderr] WARNING: Your kernel does not support swap limit capabilities or the cgroup is not mounted. Memory limited without swap.
[INFO] running `Command { std: "docker" "start" "-a" "03f5eb5e8dbab9332a7924a491797c179f1a57525ce255e410a56186c1d3789d", kill_on_drop: false }`
[INFO] running `Command { std: "docker" "inspect" "03f5eb5e8dbab9332a7924a491797c179f1a57525ce255e410a56186c1d3789d", kill_on_drop: false }`
[INFO] running `Command { std: "docker" "rm" "-f" "03f5eb5e8dbab9332a7924a491797c179f1a57525ce255e410a56186c1d3789d", kill_on_drop: false }`
[INFO] [stdout] 03f5eb5e8dbab9332a7924a491797c179f1a57525ce255e410a56186c1d3789d
[INFO] running `Command { std: "docker" "create" "-v" "/var/lib/crater-agent-workspace/builds/worker-9/target:/opt/rustwide/target:rw,Z" "-v" "/var/lib/crater-agent-workspace/builds/worker-9/source:/opt/rustwide/workdir:ro,Z" "-v" "/var/lib/crater-agent-workspace/cargo-home:/opt/rustwide/cargo-home:ro,Z" "-v" "/var/lib/crater-agent-workspace/rustup-home:/opt/rustwide/rustup-home:ro,Z" "-e" "SOURCE_DIR=/opt/rustwide/workdir" "-e" "CARGO_TARGET_DIR=/opt/rustwide/target" "-e" "CARGO_INCREMENTAL=0" "-e" "RUST_BACKTRACE=full" "-e" "RUSTFLAGS=--cap-lints=forbid" "-e" "CARGO_HOME=/opt/rustwide/cargo-home" "-e" "RUSTUP_HOME=/opt/rustwide/rustup-home" "-w" "/opt/rustwide/workdir" "-m" "1610612736" "--user" "0:0" "--network" "none" "rustops/crates-build-env@sha256:a636fd89d022f18117e1dc8fb37a0a009933cdbbe082814857f0e2024962d47c" "/opt/rustwide/cargo-home/bin/cargo" "+cfbc6d4cf1acbac5c025acf8ed68929caa551df3" "check" "--frozen" "--all" "--all-targets" "--message-format=json", kill_on_drop: false }`
[INFO] [stderr] WARNING: Your kernel does not support swap limit capabilities or the cgroup is not mounted. Memory limited without swap.
[INFO] [stdout] 0d64e5030be783ebacf1ef09616b8dfd52346cd0fac1d8ad599f785d89a1ae13
[INFO] running `Command { std: "docker" "start" "-a" "0d64e5030be783ebacf1ef09616b8dfd52346cd0fac1d8ad599f785d89a1ae13", kill_on_drop: false }`
[INFO] [stderr]    Compiling csfml-system-sys v0.1.0
[INFO] [stderr]    Compiling version_check v0.9.2
[INFO] [stderr]    Compiling csfml-window-sys v0.1.1
[INFO] [stderr]     Checking sfml-types v0.1.0
[INFO] [stderr]    Compiling csfml-graphics-sys v0.1.0
[INFO] [stderr]    Compiling proc-macro-hack v0.5.18
[INFO] [stderr]    Compiling csfml-audio-sys v0.1.0
[INFO] [stderr]    Compiling csfml-network-sys v0.1.0
[INFO] [stderr]    Compiling standback v0.2.10
[INFO] [stderr]    Compiling time v0.2.16
[INFO] [stderr]     Checking sfml v0.10.1
[INFO] [stdout] error: no rules expected the token `flags`
[INFO] [stdout]   --> /opt/rustwide/cargo-home/registry/src/github.com-1ecc6299db9ec823/sfml-0.10.1/src/window/window_style.rs:32:5
[INFO] [stdout]    |
[INFO] [stdout] 32 |     flags WindowStyle: u32 {
[INFO] [stdout]    |     ^^^^^ no rules expected this token in macro call
[INFO] [stdout] 
[INFO] [stdout] 
[INFO] [stdout] error: no rules expected the token `flags`
[INFO] [stdout]   --> /opt/rustwide/cargo-home/registry/src/github.com-1ecc6299db9ec823/sfml-0.10.1/src/graphics/text_style.rs:32:5
[INFO] [stdout]    |
[INFO] [stdout] 32 |     flags TextStyle: u32 {
[INFO] [stdout]    |     ^^^^^ no rules expected this token in macro call
[INFO] [stdout] 
[INFO] [stdout] 
[INFO] [stdout] error[E0432]: unresolved import `window::window_style::WindowStyle`
[INFO] [stdout]   --> /opt/rustwide/cargo-home/registry/src/github.com-1ecc6299db9ec823/sfml-0.10.1/src/window/mod.rs:32:9
[INFO] [stdout]    |
[INFO] [stdout] 32 | pub use window::window_style::WindowStyle;
[INFO] [stdout]    |         ^^^^^^^^^^^^^^^^^^^^^^^^^^^^^^^^^ no `WindowStyle` in `window::window_style`
[INFO] [stdout] 
[INFO] [stdout] 
[INFO] [stdout] error[E0432]: unresolved import `graphics::text_style::TextStyle`
[INFO] [stdout]   --> /opt/rustwide/cargo-home/registry/src/github.com-1ecc6299db9ec823/sfml-0.10.1/src/graphics/mod.rs:50:9
[INFO] [stdout]    |
[INFO] [stdout] 50 | pub use graphics::text_style::TextStyle;
[INFO] [stdout]    |         ^^^^^^^^^^^^^^^^^^^^^^^^^^^^^^^ no `TextStyle` in `graphics::text_style`
[INFO] [stdout] 
[INFO] [stdout] 
[INFO] [stdout] error[E0412]: cannot find type `WindowStyle` in this scope
[INFO] [stdout]   --> /opt/rustwide/cargo-home/registry/src/github.com-1ecc6299db9ec823/sfml-0.10.1/src/window/window_style.rs:48:18
[INFO] [stdout]    |
[INFO] [stdout] 48 | impl Default for WindowStyle {
[INFO] [stdout]    |                  ^^^^^^^^^^^ not found in this scope
[INFO] [stdout] 
[INFO] [stdout] 
[INFO] [stdout] error[E0412]: cannot find type `WindowStyle` in this scope
[INFO] [stdout]   --> /opt/rustwide/cargo-home/registry/src/github.com-1ecc6299db9ec823/sfml-0.10.1/src/window/window_style.rs:49:21
[INFO] [stdout]    |
[INFO] [stdout] 49 |     fn default() -> WindowStyle {
[INFO] [stdout]    |                     ^^^^^^^^^^^ not found in this scope
[INFO] [stdout] 
[INFO] [stdout] 
[INFO] [stdout] error[E0425]: cannot find value `DEFAULT_STYLE` in this scope
[INFO] [stdout]   --> /opt/rustwide/cargo-home/registry/src/github.com-1ecc6299db9ec823/sfml-0.10.1/src/window/window_style.rs:50:9
[INFO] [stdout]    |
[INFO] [stdout] 50 |         DEFAULT_STYLE
[INFO] [stdout]    |         ^^^^^^^^^^^^^ not found in this scope
[INFO] [stdout] 
[INFO] [stdout] 
[INFO] [stdout] error[E0412]: cannot find type `TextStyle` in this scope
[INFO] [stdout]   --> /opt/rustwide/cargo-home/registry/src/github.com-1ecc6299db9ec823/sfml-0.10.1/src/graphics/text_style.rs:44:18
[INFO] [stdout]    |
[INFO] [stdout] 44 | impl Default for TextStyle {
[INFO] [stdout]    |                  ^^^^^^^^^ not found in this scope
[INFO] [stdout] 
[INFO] [stdout] 
[INFO] [stdout] error[E0412]: cannot find type `TextStyle` in this scope
[INFO] [stdout]   --> /opt/rustwide/cargo-home/registry/src/github.com-1ecc6299db9ec823/sfml-0.10.1/src/graphics/text_style.rs:45:21
[INFO] [stdout]    |
[INFO] [stdout] 45 |     fn default() -> TextStyle {
[INFO] [stdout]    |                     ^^^^^^^^^ not found in this scope
[INFO] [stdout] 
[INFO] [stdout] 
[INFO] [stdout] error[E0425]: cannot find value `REGULAR` in this scope
[INFO] [stdout]   --> /opt/rustwide/cargo-home/registry/src/github.com-1ecc6299db9ec823/sfml-0.10.1/src/graphics/text_style.rs:46:9
[INFO] [stdout]    |
[INFO] [stdout] 46 |         REGULAR
[INFO] [stdout]    |         ^^^^^^^ not found in this scope
[INFO] [stdout] 
[INFO] [stdout] 
[INFO] [stderr]    Compiling time-macros-impl v0.1.1
[INFO] [stdout] error: aborting due to 10 previous errors
[INFO] [stdout] 
[INFO] [stdout] 
[INFO] [stdout] Some errors have detailed explanations: E0412, E0425, E0432.
[INFO] [stdout] 
[INFO] [stdout] For more information about an error, try `rustc --explain E0412`.
[INFO] [stdout] 
[INFO] [stderr] error: could not compile `sfml`.
[INFO] [stderr] 
[INFO] [stderr] To learn more, run the command again with --verbose.
[INFO] [stderr] warning: build failed, waiting for other jobs to finish...
[INFO] [stderr] error: build failed
[INFO] running `Command { std: "docker" "inspect" "0d64e5030be783ebacf1ef09616b8dfd52346cd0fac1d8ad599f785d89a1ae13", kill_on_drop: false }`
[INFO] running `Command { std: "docker" "rm" "-f" "0d64e5030be783ebacf1ef09616b8dfd52346cd0fac1d8ad599f785d89a1ae13", kill_on_drop: false }`
[INFO] [stdout] 0d64e5030be783ebacf1ef09616b8dfd52346cd0fac1d8ad599f785d89a1ae13
